{"id":8,"date":"2014-08-08T08:48:29","date_gmt":"2014-08-08T08:48:29","guid":{"rendered":"http:\/\/gesafinke.de\/?page_id=4"},"modified":"2025-10-24T07:21:50","modified_gmt":"2025-10-24T07:21:50","slug":"startseite","status":"publish","type":"page","link":"https:\/\/gesafinke.de\/","title":{"rendered":""},"content":{"rendered":"<p>Herzlich Willkommen auf der Webseite von Gesa Finke! Ich bin Musik- und Kulturwissenschaftlerin, Professorin an der Universit\u00e4t K\u00f6ln, mit Stationen an der Universit\u00e4t Oldenburg, Musikhochschule K\u00f6ln und dem Forschungszentrum Musik und Gender der Hochschule f\u00fcr Musik, Theater und Medien Hannover. Derzeit arbeite ich an meinem Habilitationsprojekt zum Thema &#8222;Bildlichkeit von graphischer Notation&#8220;. Ich freue mich \u00fcber Austausch und Anregungen!<\/p>\n","protected":false},"excerpt":{"rendered":"<p>Herzlich Willkommen auf der Webseite von Gesa Finke! Ich bin Musik- und Kulturwissenschaftlerin, Professorin an der Universit\u00e4t K\u00f6ln, mit Stationen an der Universit\u00e4t Oldenburg, Musikhochschule K\u00f6ln und dem Forschungszentrum Musik und Gender der Hochschule f\u00fcr Musik, Theater und Medien Hannover. Derzeit arbeite ich an meinem Habilitationsprojekt zum Thema &#8222;Bildlichkeit von graphischer Notation&#8220;. Ich freue mich&#8230;<\/p>\n","protected":false},"author":1,"featured_media":0,"parent":0,"menu_order":0,"comment_status":"closed","ping_status":"open","template":"","meta":{"footnotes":""},"class_list":["post-8","page","type-page","status-publish","hentry"],"_links":{"self":[{"href":"https:\/\/gesafinke.de\/index.php?rest_route=\/wp\/v2\/pages\/8","targetHints":{"allow":["GET"]}}],"collection":[{"href":"https:\/\/gesafinke.de\/index.php?rest_route=\/wp\/v2\/pages"}],"about":[{"href":"https:\/\/gesafinke.de\/index.php?rest_route=\/wp\/v2\/types\/page"}],"author":[{"embeddable":true,"href":"https:\/\/gesafinke.de\/index.php?rest_route=\/wp\/v2\/users\/1"}],"replies":[{"embeddable":true,"href":"https:\/\/gesafinke.de\/index.php?rest_route=%2Fwp%2Fv2%2Fcomments&post=8"}],"version-history":[{"count":1,"href":"https:\/\/gesafinke.de\/index.php?rest_route=\/wp\/v2\/pages\/8\/revisions"}],"predecessor-version":[{"id":167,"href":"https:\/\/gesafinke.de\/index.php?rest_route=\/wp\/v2\/pages\/8\/revisions\/167"}],"wp:attachment":[{"href":"https:\/\/gesafinke.de\/index.php?rest_route=%2Fwp%2Fv2%2Fmedia&parent=8"}],"curies":[{"name":"wp","href":"https:\/\/api.w.org\/{rel}","templated":true}]}}